72/(-90))/((-1)/h). Calculate x(l).
7
Let g(d) = -2*d**3 - 4*d**2 - 4*d - 3. Suppose 0 = -3*n + n + 40. Let y be (-488)/(-22) - (-26)/(-143). Let m = n - y. What is g(m)?
5
Let i(b) be the second derivative of -b**4/12 - 5*b**3/2 - 11*b**2/2 - 2*b + 18. Calculate i(-10).
39
Let x = 2 + -4. Let z be 4 + (x - 1 - 1). Let g(j) = -2 - 4*j**2 + 3*j**2 + 1. What is g(z)?
-1
Let w(o) be the first derivative of o**2 - 3*o - 1. Let g(y) = -10*y + 133*y**2 - 9 - 132*y**2 + 1. Let b be g(11). What is w(b)?
3
Let c(i) = i**3 - 5*i**2 + 3*i - 4. Let j be c(5). Let x = j + -13. Let b be (-18)/6*(-3 - x). Let s(d) = 2*d**2 - 3*d + 3. Give s(b).
12
Let x(a) be the second derivative of a**3/6 - 11*a**2/2 + 4*a. Suppose 3*h = 10 + 8. Calculate x(h).
-5
Let s be 18/27 - (-4)/3. Let g(a) = -3 - a**2 + 7 - 3 - 8*a**s. Determine g(1).
-8
Let g(m) = -m**3 - 4*m**2 + 5*m + 5. Let l(k) be the first derivative of k**2/2 - 16*k - 9. Let a be l(12). What is g(a)?
-15
Let b(d) be the first derivative of 1/2*d**2 + 24 - d. What is b(-7)?
-8
Suppose -5*l - 8 = 2*b, 23*b = 3*l + 21*b - 8. Let x(t) = -3*t**2 + 3*t**2 + 0*t**3 - t**3 + t**2 + 11. Calculate x(l).
11
Let n(k) = 8*k**3 - 17*k**2 - 23*k - 9. Let d(f) = 11*f**3 - 26*f**2 - 34*f - 13. Let c(h) = -5*d(h) + 7*n(h). Calculate c(-10).
12
Let t be (-8)/6 + (-1435)/15. Let k = 69 + t. Let i be k/(-6) + (-12)/18. Let b(a) = a + 3. What is b(i)?
7
Let w(f) = f**2 + 9*f - 7. Let b = 259 + -269. Determine w(b).
3
Suppose 0 = 5*m - 51 + 36. Let i(q) = -9*q**2 - 14*q - 9. Let o(r) = 4*r**2 + 7*r + 4. Let k(h) = m*i(h) + 7*o(h). What is k(-5)?
-9
Suppose -4*p - 4*c - 200 = 0, 5*p - 2*c - 3*c = -300. Let h = -34 - p. Suppose -3*n = n + 5*l - h, -5*n = 3*l - 23. Let m(g) = g - 4. Determine m(n).
0
Suppose 3*s + 0*s = -4*w - 5, -3*s = -4*w - 11. Suppose 2*z - z = s. Suppose -22 = 3*u - 2*d, -4*u + 5 = 4*d + z. Let c(x) = x**3 + 4*x**2 - 4*x - 4. Give c(u).
12
Let j = 2 + -1. Let t(k) = 5*k**2 - 9*k + 37. Let d(r) = 4*r**2 - 7*r + 28. Let h(a) = 4*d(a) - 3*t(a). What is h(j)?
1
Suppose 3*x = -2*c + 50, 4*x + 65 + 35 = 4*c. Let r(v) = 46*v - 23*v + 1 + 9*v**2 - c*v. Calculate r(1).
8
Let w(v) = -v**2 + 14*v - 25. Suppose -h - 37 = -49. Calculate w(h).
-1
Let m be -12 + (-21)/(-3) - -17. Let w(k) = k**2 - 12*k + 4. Give w(m).
4
Let g(x) = -x - 2. Let d be g(-5). Suppose d*v - 6 = n, -n - 5 = -0*n - 2*v. Let c(u) = -15*u. Let p(w) = -8*w. Let l(h) = -6*c(h) + 11*p(h). What is l(n)?
-6
Let f(u) = u**3 - 8*u**2 + 4*u - 2. Let y = -71 + 76. Determine f(y).
-57
Let b(l) = -l**2 - 8*l - 4. Let f be (4/((-96)/42))/((-1)/8). Let g(x) = 3 - 2*x + 24 - 7. Let r be g(f). Give b(r).
-4
Let u(k) be the first derivative of 1/12*k**4 - 1 + 2*k**2 + 11*k - 1/6*k**3. Let x(o) be the first derivative of u(o). Calculate x(4).
16
Let x(j) = -j**2 - 7*j - 5. Let v(n) = -n**3 + 4*n**2 - 4*n + 9. Let c be v(4). What is x(c)?
-5
Let u be (-3)/(-1) + -5 - (0 + -4). Let b(q) = 3*q + 5. Let x(k) = k - 2. Let g(d) = u*x(d) - b(d). Calculate g(-4).
-5
Suppose 0 = 6*m + 2 + 4. Let j(d) = d**3 - d + 1. Let y(g) = -7*g**3 - 6*g**2 - g - 10. Let q(n) = m*y(n) - 6*j(n). Calculate q(-5).
-6
Let s be (3*(-7)/(-3))/(-26 + 27). Let m(r) = -1. Let g(u) = -2*u. Let d(q) = -g(q) + 3*m(q). Give d(s).
11
Let r(x) be the third derivative of x**4/6 - 5*x**3/6 - 5*x**2 + 6*x. What is r(-5)?
-25
Suppose 2*i + 15 + 5 = -4*h, 4*i = -8. Let l be h*5/(-80)*(-5 + 1). Let u(b) = 4*b**3 - 2*b**2 + 1. Give u(l).
-5
Suppose 0 = f + 2 - 3. Let x = -4 - -6. Let i(z) = -6*z**3 - 2 + z**x + 0*z**3 + 1. What is i(f)?
-6
Let i(b) = -3*b**3 - 2*b**2 + 6*b - 5. Let g(r) = -r**3 - 2*r**2 + r - 3. Let n(d) = -5*g(d) + 2*i(d). Let m = 17 - 10. Calculate n(m).
5
Let k(p) = -142*p**2 - p**3 + 251*p**2 - 4 - 111*p**2 + 4*p. What is k(-4)?
12
Let i(w) = w - 6. Let a(r) = 15*r - 38. Let m(f) = -a(f) + 4*i(f). Give m(4).
-30
Suppose -2*j + 21 = j. Let s(m) = -m + 1. Let n(d) = -24*d + 123. Let c(z) = -7*z + 35. Let w(u) = 18*c(u) - 5*n(u). Let o(r) = 5*s(r) - w(r). Give o(j).
-3
Let v(z) = z**3 - 15*z**2 - 17*z + 18. Let w be v(16). Let d(h) = 5*h - 9*h - 2*h + 5*h - 1 - h**w. Determine d(-4).
-13
Let i(m) be the second derivative of 17 - 2*m + 1/2*m**2 + 1/3*m**3 - 1/12*m**4. Calculate i(-1).
-2
Let p(v) = v**2 - 11*v + 21. Let q = 158 - 147. Determine p(q).
21
Let k = -23 + 18. Let p(f) = 4*f**2 - 3. Let h(b) = -b**2 + 1. Let x(u) = k*h(u) - p(u). Calculate x(0).
-2
Let f(n) = 3*n + 4. Let b(p) = p**2 + 3*p - 21. Let v be b(-7). Let d(z) = -10*z - 12. Let j(o) = v*f(o) + 2*d(o). Determine j(0).
4
Let u(s) = 9*s**2 - 13*s. Let t(x) = -11*x**2 + 13*x - 1. Let a(i) = -5*t(i) - 6*u(i). Determine a(-13).
5
Let p(i) = -5 + 3 - 2*i - 3 - i**3 - 6*i - 7*i**2. Suppose 5*q + 5*f = 125, -f = -2*q + 4*f + 29. Suppose k + q = 16. Give p(k).
7
Let b = 38 + 120. Let g(w) = -w + 0*w + b - 148. Give g(0).
10
Let a(d) be the first derivative of -d**5/60 - 7*d**4/24 + 6*d**3 - 1. Let o(i) be the third derivative of a(i). Determine o(-6).
5
Let g(k) = 3*k**3 - k**2 + 1. Let c = 17 - 13. Let x be c - -6*(-3)/6. Give g(x).
3
Let w(n) = -n + 3. Let a be w(6). Let j(x) = -3*x + 1. Let z(p) = p**2 - 2*p + 2. Let g(s) = -j(s) + z(s). What is g(a)?
7
Suppose 0 = -19*t + 31*t + 24. Let v(l) = 21*l + 3. What is v(t)?
-39
Let p(l) be the third derivative of 5*l**4/24 - 35*l**3/6 - 17*l**2. Let c be p(8). Let w(m) = -m + 4. Calculate w(c).
-1
Let y(c) be the third derivative of -c**5/60 + c**4/12 + 7*c**2 + 4*c. Give y(4).
-8
Let l be (-1)/3 + 92/6. Suppose l*r + 6 = 12*r. Let n(s) = s**3 + 4*s**2 + 2*s - 1. Give n(r).
3
Let n(d) = -2*d**2 - 4*d - 2. Let k(c) = 3*c**2 + 5*c + 1. Let m(g) = -3*k(g) - 4*n(g). Suppose -w + v = -3, 8*v + 12 = -3*w + 4*v. Determine m(w).
5
Let p = 608 + -604. Let m(r) = -r**3 + 3*r**2 - 4*r. Calculate m(p).
-32
Suppose 0 = 4*d - 5*d + 4. Let x(l) = 3*l. Let c(z) = -19*z + 1. Let f(g) = -2*c(g) - 14*x(g). Determine f(d).
-18
Let n(w) = w**3 - w + 2. Suppose 0 = 2*g - 3*g + 1. Suppose -4*x - 9 + g = 0. Let m be n(x). Let l(u) = u**3 + 4*u**2 + u. Give l(m).
-4
Let o(r) = r - 2. Let f be 24/10*(2 - 7). Let j = f - -15. Suppose -j*m - 21 = -3*a, 4*a - 2 - 26 = m. What is o(a)?
5
Let n(l) = -9*l**2 + 3*l - 4. Let a(i) = 5*i**2 - 34*i + 25. Let s be a(6). Determine n(s).
-10
Let t(l) = -2*l**2 + l. Let j be (-3 - 7/(-2))*2. Let m be 1 - 12/(-4*j). Suppose -m = 3*v - 1. Calculate t(v).
-3
Let t = 208 + -203. Suppose 2*q = -3*q + 10. Suppose q*k - 9 = t*k. Let v(d) = 2*d**2 + 2*d - 4. What is v(k)?
8
Let c = 24 - 18. Suppose 0 = 8*p - 6*p - c. Suppose 20 = -4*b, -p*l + 5*b + 5 = -23. Let z(n) = -4*n. Calculate z(l).
-4
Let a(o) = -6*o - 1. Suppose 165*n - 173*n = 8. What is a(n)?
5
Let v(n) be the first derivative of -6 + n - 3/2*n**2. Calculate v(-5).
16
Let k(d) = -d**3 - d**2 - d + 1. Let m be k(1). Let w(f) = -5*f**2 + 3*f + 1. Calculate w(m).
-25
Let d(m) = m**2 + m + 2. Let s = 814 + -819. Determine d(s).
22
Let n(x) = -x - 16. Suppose -30*d + 39*d = -153. Give n(d).
1
Suppose 4*z = 18 - 6. Let n(d) = -d**2 + 5*d + 5 + z*d**2 + 4*d - d**2. Give n(-7).
-9
Let q(x) be the second derivative of -x**3/6 + 5*x**2/2 - 3*x. Let m(r) = r**3 + 6*r**2 - 2*r - 3*r**2 + 4*r**2 + 3 - 5*r**2. Let h be m(-3). What is q(h)?
5
Let p(t) be the first derivative of -t**3/2 + 2*t - 1. Let w(q) be the first derivative of p(q). Let j(c) = 4*c + 26. Let l be j(-7). Determine w(l).
6
Suppose -t = t - 50. Suppose 3*g + 2*g = t. Let i(y) be the first derivative of y**3/3 - 5*y**2/2 - 4*y + 9350. Calculate i(g).
-4
Let j = -558 + 568. Let n(o) = o**2 - 7*o - 8. Determine n(j).
22
Let s(g) = -2*g - 6. Let d(q) = -q + 22. Let m be d(14). Let c(k) = -k + 2. Let t be c(m). Give s(t).
6
Let y(o) be the third derivative of o**8/20160 + o**7/1680 - o**6/240 + 9*o**5/20 + 10*o**2. Let a(h) be the third derivative of y(h). Calculate a(2).
7
Suppose -3*h = u + 22, -4*h + 3 = -2*u + 49. Let f(w) = -348 + 346 - 6*w + 7*w. Determine f(h).
-11
Suppose 1 - 5 = i - k, -12 = -2*i - 3*k. Let m(q) be the third derivative of 0*q + 1/20*q**5 + 1/3*q**3 + q**2 + i + 1/12*q**4 + 1/120*q**6. Give m(-3).
-4
Let s(d) = -11*d - 10. Let i(k) = -4*k - 3. Let l(f) = -8*i(f) + 3*s(f). Suppose 2*v + 5 = v. Calculate l(v).
-1
Let y(k) be the third derivative of k*